{"id":190,"date":"2017-12-11T07:57:47","date_gmt":"2017-12-11T07:57:47","guid":{"rendered":"http:\/\/fac-seguridad.es\/directorio\/?page_id=190"},"modified":"2021-07-05T10:50:03","modified_gmt":"2021-07-05T10:50:03","slug":"ibiza-menorca","status":"publish","type":"page","link":"https:\/\/fac-seguridad.es\/directorio\/baleares\/ibiza-menorca\/","title":{"rendered":"Ibiza-Menorca"},"content":{"rendered":"<h1>DISTRIBUIDORES FAC SEGURIDAD EN IBIZA Y MENORCA<\/h1>\n<p>Aqu\u00ed podr\u00e1s encontrar el listado de distribuidores <a href=\"https:\/\/fac-seguridad.es\/\">FAC Seguridad<\/a> en Ibiza y Menorca:<\/p>\n<h1>IBIZA<\/h1>\n<h2>SANTA EULALIA DEL RIO<\/h2>\n<p><strong>FERRETER\u00cdA V. MAR\u00cd<\/strong><br \/>\n971330406<br \/>\nC\/ SAN JUAN, 12<\/p>\n<h1>MENORCA<\/h1>\n<h2>ALAIOR<\/h2>\n<p><a href=\"http:\/\/www.bobinatsjoseborras.com\/\" target=\"_blank\" rel=\"noopener noreferrer\"><strong>BOBINATS JOSE BORRAS<\/strong><\/a><br \/>\n971372643<br \/>\nAVDA\/ DES CAMP VERD, 9 NAVE 5. POL. LA TROTXA<\/p>\n<h2>MAH\u00d3N<\/h2>\n<p><a href=\"https:\/\/rafaelolivessintes.com\" target=\"_blank\" rel=\"noopener noreferrer\"><strong>RAFAEL OLIVES SINTES<\/strong><\/a><br \/>\n607464783 &#8211; 971364785<br \/>\nC\/ PABLO PICASSO, 34<\/p>\n","protected":false},"excerpt":{"rendered":"<p>DISTRIBUIDORES FAC SEGURIDAD EN IBIZA Y MENORCA Aqu\u00ed podr\u00e1s encontrar el listado de distribuidores FAC Seguridad en Ibiza y Menorca: IBIZA SANTA EULALIA DEL RIO FERRETER\u00cdA V. MAR\u00cd 971330406 C\/ SAN JUAN, 12 MENORCA ALAIOR BOBINATS JOSE BORRAS 971372643 AVDA\/ DES CAMP VERD, 9 NAVE 5. POL. LA TROTXA MAH\u00d3N RAFAEL OLIVES SINTES 607464783 &#8211; [&hellip;]<\/p>\n","protected":false},"author":1,"featured_media":0,"parent":76,"menu_order":0,"comment_status":"closed","ping_status":"closed","template":"","meta":{"_et_pb_use_builder":"","_et_pb_old_content":"","_et_gb_content_width":"","footnotes":""},"class_list":["post-190","page","type-page","status-publish","hentry"],"yoast_head":"<!-- This site is optimized with the Yoast SEO plugin v26.0 - https:\/\/yoast.com\/wordpress\/plugins\/seo\/ -->\n<title>Ibiza-Menorca - Directorio de Empresas Colaboradoras - FAC Seguridad<\/title>\n<meta name=\"description\" content=\"Directorio de distribuidores FAC Seguridad en Ibiza y Menorca - Encuentra tu distribuidor mas cercano en las islas de Ibiza y Menorca,\" \/>\n<meta name=\"robots\" content=\"index, follow, max-snippet:-1, max-image-preview:large, max-video-preview:-1\" \/>\n<link rel=\"canonical\" href=\"https:\/\/fac-seguridad.es\/directorio\/baleares\/ibiza-menorca\/\" \/>\n<meta property=\"og:locale\" content=\"es_ES\" \/>\n<meta property=\"og:type\" content=\"article\" \/>\n<meta property=\"og:title\" content=\"Ibiza-Menorca - Directorio de Empresas Colaboradoras - FAC Seguridad\" \/>\n<meta property=\"og:description\" content=\"Directorio de distribuidores FAC Seguridad en Ibiza y Menorca - Encuentra tu distribuidor mas cercano en las islas de Ibiza y Menorca,\" \/>\n<meta property=\"og:url\" content=\"https:\/\/fac-seguridad.es\/directorio\/baleares\/ibiza-menorca\/\" \/>\n<meta property=\"og:site_name\" content=\"Directorio de Empresas Colaboradoras - FAC Seguridad\" \/>\n<meta property=\"article:publisher\" content=\"https:\/\/www.facebook.com\/fac.seguridad\/\" \/>\n<meta property=\"article:modified_time\" content=\"2021-07-05T10:50:03+00:00\" \/>\n<meta name=\"twitter:card\" content=\"summary_large_image\" \/>\n<meta name=\"twitter:site\" content=\"@fac_seguridad\" \/>\n<meta name=\"twitter:label1\" content=\"Tiempo de lectura\" \/>\n\t<meta name=\"twitter:data1\" content=\"1 minuto\" \/>\n<script type=\"application\/ld+json\" class=\"yoast-schema-graph\">{\"@context\":\"https:\/\/schema.org\",\"@graph\":[{\"@type\":\"WebPage\",\"@id\":\"https:\/\/fac-seguridad.es\/directorio\/baleares\/ibiza-menorca\/\",\"url\":\"https:\/\/fac-seguridad.es\/directorio\/baleares\/ibiza-menorca\/\",\"name\":\"Ibiza-Menorca - Directorio de Empresas Colaboradoras - FAC Seguridad\",\"isPartOf\":{\"@id\":\"https:\/\/fac-seguridad.es\/directorio\/#website\"},\"datePublished\":\"2017-12-11T07:57:47+00:00\",\"dateModified\":\"2021-07-05T10:50:03+00:00\",\"description\":\"Directorio de distribuidores FAC Seguridad en Ibiza y Menorca - Encuentra tu distribuidor mas cercano en las islas de Ibiza y Menorca,\",\"breadcrumb\":{\"@id\":\"https:\/\/fac-seguridad.es\/directorio\/baleares\/ibiza-menorca\/#breadcrumb\"},\"inLanguage\":\"es\",\"potentialAction\":[{\"@type\":\"ReadAction\",\"target\":[\"https:\/\/fac-seguridad.es\/directorio\/baleares\/ibiza-menorca\/\"]}]},{\"@type\":\"BreadcrumbList\",\"@id\":\"https:\/\/fac-seguridad.es\/directorio\/baleares\/ibiza-menorca\/#breadcrumb\",\"itemListElement\":[{\"@type\":\"ListItem\",\"position\":1,\"name\":\"Portada\",\"item\":\"https:\/\/fac-seguridad.es\/directorio\/\"},{\"@type\":\"ListItem\",\"position\":2,\"name\":\"Islas Baleares\",\"item\":\"https:\/\/fac-seguridad.es\/directorio\/baleares\/\"},{\"@type\":\"ListItem\",\"position\":3,\"name\":\"Ibiza-Menorca\"}]},{\"@type\":\"WebSite\",\"@id\":\"https:\/\/fac-seguridad.es\/directorio\/#website\",\"url\":\"https:\/\/fac-seguridad.es\/directorio\/\",\"name\":\"Directorio de Empresas Colaboradoras - FAC Seguridad\",\"description\":\"Directorio de Empresas Colaboradoras organizado por provincias.\",\"potentialAction\":[{\"@type\":\"SearchAction\",\"target\":{\"@type\":\"EntryPoint\",\"urlTemplate\":\"https:\/\/fac-seguridad.es\/directorio\/?s={search_term_string}\"},\"query-input\":{\"@type\":\"PropertyValueSpecification\",\"valueRequired\":true,\"valueName\":\"search_term_string\"}}],\"inLanguage\":\"es\"}]}<\/script>\n<!-- \/ Yoast SEO plugin. -->","yoast_head_json":{"title":"Ibiza-Menorca - Directorio de Empresas Colaboradoras - FAC Seguridad","description":"Directorio de distribuidores FAC Seguridad en Ibiza y Menorca - Encuentra tu distribuidor mas cercano en las islas de Ibiza y Menorca,","robots":{"index":"index","follow":"follow","max-snippet":"max-snippet:-1","max-image-preview":"max-image-preview:large","max-video-preview":"max-video-preview:-1"},"canonical":"https:\/\/fac-seguridad.es\/directorio\/baleares\/ibiza-menorca\/","og_locale":"es_ES","og_type":"article","og_title":"Ibiza-Menorca - Directorio de Empresas Colaboradoras - FAC Seguridad","og_description":"Directorio de distribuidores FAC Seguridad en Ibiza y Menorca - Encuentra tu distribuidor mas cercano en las islas de Ibiza y Menorca,","og_url":"https:\/\/fac-seguridad.es\/directorio\/baleares\/ibiza-menorca\/","og_site_name":"Directorio de Empresas Colaboradoras - FAC Seguridad","article_publisher":"https:\/\/www.facebook.com\/fac.seguridad\/","article_modified_time":"2021-07-05T10:50:03+00:00","twitter_card":"summary_large_image","twitter_site":"@fac_seguridad","twitter_misc":{"Tiempo de lectura":"1 minuto"},"schema":{"@context":"https:\/\/schema.org","@graph":[{"@type":"WebPage","@id":"https:\/\/fac-seguridad.es\/directorio\/baleares\/ibiza-menorca\/","url":"https:\/\/fac-seguridad.es\/directorio\/baleares\/ibiza-menorca\/","name":"Ibiza-Menorca - Directorio de Empresas Colaboradoras - FAC Seguridad","isPartOf":{"@id":"https:\/\/fac-seguridad.es\/directorio\/#website"},"datePublished":"2017-12-11T07:57:47+00:00","dateModified":"2021-07-05T10:50:03+00:00","description":"Directorio de distribuidores FAC Seguridad en Ibiza y Menorca - Encuentra tu distribuidor mas cercano en las islas de Ibiza y Menorca,","breadcrumb":{"@id":"https:\/\/fac-seguridad.es\/directorio\/baleares\/ibiza-menorca\/#breadcrumb"},"inLanguage":"es","potentialAction":[{"@type":"ReadAction","target":["https:\/\/fac-seguridad.es\/directorio\/baleares\/ibiza-menorca\/"]}]},{"@type":"BreadcrumbList","@id":"https:\/\/fac-seguridad.es\/directorio\/baleares\/ibiza-menorca\/#breadcrumb","itemListElement":[{"@type":"ListItem","position":1,"name":"Portada","item":"https:\/\/fac-seguridad.es\/directorio\/"},{"@type":"ListItem","position":2,"name":"Islas Baleares","item":"https:\/\/fac-seguridad.es\/directorio\/baleares\/"},{"@type":"ListItem","position":3,"name":"Ibiza-Menorca"}]},{"@type":"WebSite","@id":"https:\/\/fac-seguridad.es\/directorio\/#website","url":"https:\/\/fac-seguridad.es\/directorio\/","name":"Directorio de Empresas Colaboradoras - FAC Seguridad","description":"Directorio de Empresas Colaboradoras organizado por provincias.","potentialAction":[{"@type":"SearchAction","target":{"@type":"EntryPoint","urlTemplate":"https:\/\/fac-seguridad.es\/directorio\/?s={search_term_string}"},"query-input":{"@type":"PropertyValueSpecification","valueRequired":true,"valueName":"search_term_string"}}],"inLanguage":"es"}]}},"_links":{"self":[{"href":"https:\/\/fac-seguridad.es\/directorio\/wp-json\/wp\/v2\/pages\/190","targetHints":{"allow":["GET"]}}],"collection":[{"href":"https:\/\/fac-seguridad.es\/directorio\/wp-json\/wp\/v2\/pages"}],"about":[{"href":"https:\/\/fac-seguridad.es\/directorio\/wp-json\/wp\/v2\/types\/page"}],"author":[{"embeddable":true,"href":"https:\/\/fac-seguridad.es\/directorio\/wp-json\/wp\/v2\/users\/1"}],"replies":[{"embeddable":true,"href":"https:\/\/fac-seguridad.es\/directorio\/wp-json\/wp\/v2\/comments?post=190"}],"version-history":[{"count":3,"href":"https:\/\/fac-seguridad.es\/directorio\/wp-json\/wp\/v2\/pages\/190\/revisions"}],"predecessor-version":[{"id":938,"href":"https:\/\/fac-seguridad.es\/directorio\/wp-json\/wp\/v2\/pages\/190\/revisions\/938"}],"up":[{"embeddable":true,"href":"https:\/\/fac-seguridad.es\/directorio\/wp-json\/wp\/v2\/pages\/76"}],"wp:attachment":[{"href":"https:\/\/fac-seguridad.es\/directorio\/wp-json\/wp\/v2\/media?parent=190"}],"curies":[{"name":"wp","href":"https:\/\/api.w.org\/{rel}","templated":true}]}}