{"id":216,"date":"2017-12-11T09:10:49","date_gmt":"2017-12-11T09:10:49","guid":{"rendered":"http:\/\/fac-seguridad.es\/directorio\/?page_id=216"},"modified":"2021-07-05T10:52:48","modified_gmt":"2021-07-05T10:52:48","slug":"pontevedra","status":"publish","type":"page","link":"https:\/\/fac-seguridad.es\/directorio\/galicia\/pontevedra\/","title":{"rendered":"Pontevedra"},"content":{"rendered":"<h1>DISTRIBUIDORES FAC SEGURIDAD EN PONTEVEDRA<\/h1>\n<p>Aqu\u00ed podr\u00e1s encontrar el listado de distribuidores <a href=\"https:\/\/fac-seguridad.es\/\">FAC Seguridad<\/a> en Pontevedra:<\/p>\n<h2>VIGO<\/h2>\n<p><a href=\"https:\/\/www.cerrajeriamirandavigo.com\/\" target=\"_blank\" rel=\"noopener noreferrer\"><strong>CERRAJER\u00cdA MIRANDA<\/strong><\/a><br \/>\n986 226 906<br \/>\nAVDA\/ CAMELIAS, 40 BJ<\/p>\n<p><a href=\"https:\/\/cerrajeriaberma.es\/\" target=\"_blank\" rel=\"noopener noreferrer\"><strong>CERRAJER\u00cdA BERMA<\/strong><\/a><br \/>\n986 418 325 &#8211; 649 666 655 &#8211; 659 946 215<br \/>\nC\/ BRASIL, 27<\/p>\n<p><a href=\"https:\/\/ferreteriacaride.es\/\" target=\"_blank\" rel=\"noopener noreferrer\"><strong>FERRETER\u00cdA CARIDE SL<\/strong><\/a><br \/>\n986 377 711<br \/>\nC\/ DR.CORBAL, 8<\/p>\n<p><a href=\"https:\/\/www.ferreteriaiturmendi.es\/\" target=\"_blank\" rel=\"noopener noreferrer\"><strong>FERRETER\u00cdA ITURMENDI<\/strong><\/a><br \/>\n986 437 022<br \/>\nC\/ PROGRESO, 18<\/p>\n<p>&nbsp;<\/p>\n<h2>A ESTRADA<\/h2>\n<p><strong>FERRETER\u00cdA VILELAM,S.L.<\/strong><br \/>\n986 588 050<br \/>\nC\/ O FOXO,11<\/p>\n<p>&nbsp;<\/p>\n<h2>CANGAS DO MORRAZO<\/h2>\n<p><strong>CERRAJER\u00cdA MORRAZO<\/strong><br \/>\n649 230 685<br \/>\nC\/ SAN JOSE,17<\/p>\n<p>&nbsp;<\/p>\n<h2>LALIN<\/h2>\n<p><strong>FERRETER\u00cdA ALONSO<\/strong><br \/>\n986 780 297<br \/>\nC\/ WENCESLAO CALVO GARRA, 5<\/p>\n<p>&nbsp;<\/p>\n<h2>O PORRI\u00d1O<\/h2>\n<p><a href=\"https:\/\/cerrajeriaberma.es\/\" target=\"_blank\" rel=\"noopener noreferrer\"><strong>CERRAJER\u00cdA BERMA<\/strong><\/a><br \/>\n986 337 407 &#8211; 649 666 655<br \/>\nC\/ CRUCEIRO N\u00ba 23 BAJO URBANIZACION EL SOL<\/p>\n<p>&nbsp;<\/p>\n<h2>PONTECESURES<\/h2>\n<p><strong>COMERCIAL MONCHO S.L.<\/strong><br \/>\n986 557 237<br \/>\nC\/ ULLAN, 15<\/p>\n<p>&nbsp;<\/p>\n<h2>SANXENXO<\/h2>\n<p><a href=\"http:\/\/www.ferreteriavolvoreta.com\/\" target=\"_blank\" rel=\"noopener noreferrer\"><strong>CLICKFER VOLVORETA<\/strong><\/a><br \/>\n986 720 256<br \/>\nAVDA\/ LUIS ROCAFORT 22 BAJO<\/p>\n<p>&nbsp;<\/p>\n<h2>VILANOVA DE AROUSA<\/h2>\n<p><strong>COMERCIAL MINIA<\/strong><br \/>\n986 555 575<br \/>\nC\/ FRANCISCO REY RIVERO, 4<\/p>\n","protected":false},"excerpt":{"rendered":"<p>DISTRIBUIDORES FAC SEGURIDAD EN PONTEVEDRA Aqu\u00ed podr\u00e1s encontrar el listado de distribuidores FAC Seguridad en Pontevedra: VIGO CERRAJER\u00cdA MIRANDA 986 226 906 AVDA\/ CAMELIAS, 40 BJ CERRAJER\u00cdA BERMA 986 418 325 &#8211; 649 666 655 &#8211; 659 946 215 C\/ BRASIL, 27 FERRETER\u00cdA CARIDE SL 986 377 711 C\/ DR.CORBAL, 8 FERRETER\u00cdA ITURMENDI 986 437 [&hellip;]<\/p>\n","protected":false},"author":1,"featured_media":0,"parent":61,"menu_order":0,"comment_status":"closed","ping_status":"closed","template":"","meta":{"_et_pb_use_builder":"","_et_pb_old_content":"","_et_gb_content_width":"","footnotes":""},"class_list":["post-216","page","type-page","status-publish","hentry"],"yoast_head":"<!-- This site is optimized with the Yoast SEO plugin v26.0 - https:\/\/yoast.com\/wordpress\/plugins\/seo\/ -->\n<title>Pontevedra - Directorio de Empresas Colaboradoras - FAC Seguridad<\/title>\n<meta name=\"description\" content=\"Directorio de distribuidores FAC Seguridad en Pontevedra- Encuentra tu distribuidor mas cercano en la provincia de Pontevedra.\" \/>\n<meta name=\"robots\" content=\"index, follow, max-snippet:-1, max-image-preview:large, max-video-preview:-1\" \/>\n<link rel=\"canonical\" href=\"https:\/\/fac-seguridad.es\/directorio\/galicia\/pontevedra\/\" \/>\n<meta property=\"og:locale\" content=\"es_ES\" \/>\n<meta property=\"og:type\" content=\"article\" \/>\n<meta property=\"og:title\" content=\"Pontevedra - Directorio de Empresas Colaboradoras - FAC Seguridad\" \/>\n<meta property=\"og:description\" content=\"Directorio de distribuidores FAC Seguridad en Pontevedra- Encuentra tu distribuidor mas cercano en la provincia de Pontevedra.\" \/>\n<meta property=\"og:url\" content=\"https:\/\/fac-seguridad.es\/directorio\/galicia\/pontevedra\/\" \/>\n<meta property=\"og:site_name\" content=\"Directorio de Empresas Colaboradoras - FAC Seguridad\" \/>\n<meta property=\"article:publisher\" content=\"https:\/\/www.facebook.com\/fac.seguridad\/\" \/>\n<meta property=\"article:modified_time\" content=\"2021-07-05T10:52:48+00:00\" \/>\n<meta name=\"twitter:card\" content=\"summary_large_image\" \/>\n<meta name=\"twitter:site\" content=\"@fac_seguridad\" \/>\n<meta name=\"twitter:label1\" content=\"Tiempo de lectura\" \/>\n\t<meta name=\"twitter:data1\" content=\"1 minuto\" \/>\n<script type=\"application\/ld+json\" class=\"yoast-schema-graph\">{\"@context\":\"https:\/\/schema.org\",\"@graph\":[{\"@type\":\"WebPage\",\"@id\":\"https:\/\/fac-seguridad.es\/directorio\/galicia\/pontevedra\/\",\"url\":\"https:\/\/fac-seguridad.es\/directorio\/galicia\/pontevedra\/\",\"name\":\"Pontevedra - Directorio de Empresas Colaboradoras - FAC Seguridad\",\"isPartOf\":{\"@id\":\"https:\/\/fac-seguridad.es\/directorio\/#website\"},\"datePublished\":\"2017-12-11T09:10:49+00:00\",\"dateModified\":\"2021-07-05T10:52:48+00:00\",\"description\":\"Directorio de distribuidores FAC Seguridad en Pontevedra- Encuentra tu distribuidor mas cercano en la provincia de Pontevedra.\",\"breadcrumb\":{\"@id\":\"https:\/\/fac-seguridad.es\/directorio\/galicia\/pontevedra\/#breadcrumb\"},\"inLanguage\":\"es\",\"potentialAction\":[{\"@type\":\"ReadAction\",\"target\":[\"https:\/\/fac-seguridad.es\/directorio\/galicia\/pontevedra\/\"]}]},{\"@type\":\"BreadcrumbList\",\"@id\":\"https:\/\/fac-seguridad.es\/directorio\/galicia\/pontevedra\/#breadcrumb\",\"itemListElement\":[{\"@type\":\"ListItem\",\"position\":1,\"name\":\"Portada\",\"item\":\"https:\/\/fac-seguridad.es\/directorio\/\"},{\"@type\":\"ListItem\",\"position\":2,\"name\":\"Galicia\",\"item\":\"https:\/\/fac-seguridad.es\/directorio\/galicia\/\"},{\"@type\":\"ListItem\",\"position\":3,\"name\":\"Pontevedra\"}]},{\"@type\":\"WebSite\",\"@id\":\"https:\/\/fac-seguridad.es\/directorio\/#website\",\"url\":\"https:\/\/fac-seguridad.es\/directorio\/\",\"name\":\"Directorio de Empresas Colaboradoras - FAC Seguridad\",\"description\":\"Directorio de Empresas Colaboradoras organizado por provincias.\",\"potentialAction\":[{\"@type\":\"SearchAction\",\"target\":{\"@type\":\"EntryPoint\",\"urlTemplate\":\"https:\/\/fac-seguridad.es\/directorio\/?s={search_term_string}\"},\"query-input\":{\"@type\":\"PropertyValueSpecification\",\"valueRequired\":true,\"valueName\":\"search_term_string\"}}],\"inLanguage\":\"es\"}]}<\/script>\n<!-- \/ Yoast SEO plugin. -->","yoast_head_json":{"title":"Pontevedra - Directorio de Empresas Colaboradoras - FAC Seguridad","description":"Directorio de distribuidores FAC Seguridad en Pontevedra- Encuentra tu distribuidor mas cercano en la provincia de Pontevedra.","robots":{"index":"index","follow":"follow","max-snippet":"max-snippet:-1","max-image-preview":"max-image-preview:large","max-video-preview":"max-video-preview:-1"},"canonical":"https:\/\/fac-seguridad.es\/directorio\/galicia\/pontevedra\/","og_locale":"es_ES","og_type":"article","og_title":"Pontevedra - Directorio de Empresas Colaboradoras - FAC Seguridad","og_description":"Directorio de distribuidores FAC Seguridad en Pontevedra- Encuentra tu distribuidor mas cercano en la provincia de Pontevedra.","og_url":"https:\/\/fac-seguridad.es\/directorio\/galicia\/pontevedra\/","og_site_name":"Directorio de Empresas Colaboradoras - FAC Seguridad","article_publisher":"https:\/\/www.facebook.com\/fac.seguridad\/","article_modified_time":"2021-07-05T10:52:48+00:00","twitter_card":"summary_large_image","twitter_site":"@fac_seguridad","twitter_misc":{"Tiempo de lectura":"1 minuto"},"schema":{"@context":"https:\/\/schema.org","@graph":[{"@type":"WebPage","@id":"https:\/\/fac-seguridad.es\/directorio\/galicia\/pontevedra\/","url":"https:\/\/fac-seguridad.es\/directorio\/galicia\/pontevedra\/","name":"Pontevedra - Directorio de Empresas Colaboradoras - FAC Seguridad","isPartOf":{"@id":"https:\/\/fac-seguridad.es\/directorio\/#website"},"datePublished":"2017-12-11T09:10:49+00:00","dateModified":"2021-07-05T10:52:48+00:00","description":"Directorio de distribuidores FAC Seguridad en Pontevedra- Encuentra tu distribuidor mas cercano en la provincia de Pontevedra.","breadcrumb":{"@id":"https:\/\/fac-seguridad.es\/directorio\/galicia\/pontevedra\/#breadcrumb"},"inLanguage":"es","potentialAction":[{"@type":"ReadAction","target":["https:\/\/fac-seguridad.es\/directorio\/galicia\/pontevedra\/"]}]},{"@type":"BreadcrumbList","@id":"https:\/\/fac-seguridad.es\/directorio\/galicia\/pontevedra\/#breadcrumb","itemListElement":[{"@type":"ListItem","position":1,"name":"Portada","item":"https:\/\/fac-seguridad.es\/directorio\/"},{"@type":"ListItem","position":2,"name":"Galicia","item":"https:\/\/fac-seguridad.es\/directorio\/galicia\/"},{"@type":"ListItem","position":3,"name":"Pontevedra"}]},{"@type":"WebSite","@id":"https:\/\/fac-seguridad.es\/directorio\/#website","url":"https:\/\/fac-seguridad.es\/directorio\/","name":"Directorio de Empresas Colaboradoras - FAC Seguridad","description":"Directorio de Empresas Colaboradoras organizado por provincias.","potentialAction":[{"@type":"SearchAction","target":{"@type":"EntryPoint","urlTemplate":"https:\/\/fac-seguridad.es\/directorio\/?s={search_term_string}"},"query-input":{"@type":"PropertyValueSpecification","valueRequired":true,"valueName":"search_term_string"}}],"inLanguage":"es"}]}},"_links":{"self":[{"href":"https:\/\/fac-seguridad.es\/directorio\/wp-json\/wp\/v2\/pages\/216","targetHints":{"allow":["GET"]}}],"collection":[{"href":"https:\/\/fac-seguridad.es\/directorio\/wp-json\/wp\/v2\/pages"}],"about":[{"href":"https:\/\/fac-seguridad.es\/directorio\/wp-json\/wp\/v2\/types\/page"}],"author":[{"embeddable":true,"href":"https:\/\/fac-seguridad.es\/directorio\/wp-json\/wp\/v2\/users\/1"}],"replies":[{"embeddable":true,"href":"https:\/\/fac-seguridad.es\/directorio\/wp-json\/wp\/v2\/comments?post=216"}],"version-history":[{"count":2,"href":"https:\/\/fac-seguridad.es\/directorio\/wp-json\/wp\/v2\/pages\/216\/revisions"}],"predecessor-version":[{"id":940,"href":"https:\/\/fac-seguridad.es\/directorio\/wp-json\/wp\/v2\/pages\/216\/revisions\/940"}],"up":[{"embeddable":true,"href":"https:\/\/fac-seguridad.es\/directorio\/wp-json\/wp\/v2\/pages\/61"}],"wp:attachment":[{"href":"https:\/\/fac-seguridad.es\/directorio\/wp-json\/wp\/v2\/media?parent=216"}],"curies":[{"name":"wp","href":"https:\/\/api.w.org\/{rel}","templated":true}]}}